 What is the remainder when 57 is divided by i(4)?
17
Suppose 4*y = -t + 95, 4*y + 5*t - 2*t - 85 = 0. Let s = 103 + -54. What is the remainder when s is divided by y?
24
Suppose -2*u = 3*u - 35. What is the remainder when 25 is divided by u?
4
Let r(u) = 15*u - 27. Calculate the remainder when r(6) is divided by 22.
19
Suppose m - 15 + 16 = 0. Calculate the remainder when 7 is divided by (m + 0)*(1 - 4).
1
Calculate the remainder when 96 is divided by (-1 - (-15 + 4)) + 4.
12
Let j(p) = -9*p + 5. What is the remainder when j(-3) is divided by 11?
10
Suppose -667 = -7*r + 460. Calculate the remainder when r is divided by 27.
26
Let i = -74 - -138. Let w(h) = h**2 - 4*h + 1. Let v(l) = -l**2 - 4*l + 4. Let c be v(-3). Calculate the remainder when i is divided by w(c).
20
Suppose 196 = 4*s + 5*t, -5*s + 245 = -t - 0. What is the remainder when s is divided by 17?
15
Suppose -11*d + 146 = -118. Let k(a) = -a**3 - 4*a**2 + 5*a + 5. What is the remainder when k(-6) is divided by d?
23
Let g(n) = 4*n + 11. What is the remainder when g(-2) is divided by 1?
0
Let r(k) = k**2 + 3. Let n be r(-3). Suppose 0 = -0*s + 4*s - n. Suppose 0*i + i = -2*m + 83, s*m - 126 = -i. Calculate the remainder when m is divided by 15.
13
Let u be 2/1 - 6/2. Let r(l) = -l + 1. Suppose 2*f - 2 = f. What is the remainder when r(u) is divided by f?
0
Let a be (3/(-5))/(1/(-65)). Suppose -5*c - a = -294. Calculate the remainder when c is divided by 9.
6
Suppose 0 = -5*d - 5*k + 3*k + 374, d - 4*k = 66. Calculate the remainder when d is divided by 15.
14
Let z = -24 - -40. Let o = -23 + 78. Suppose -5*r + 5*u + 260 = 0, 5*u - o = -3*r + 61. What is the remainder when r is divided by z?
15
Let h = 3 + 1. Suppose -h*i - 6 + 2 = 0. Calculate the remainder when 30 is divided by 14 + 6/(-3)*i.
14
Suppose 5*d = d + 20. Suppose -4*p = p - d. What is the remainder when (p/2)/((-2)/(-8)) is divided by 2?
0
Suppose s - 16 = -0*s. Let p = s - 10. What is the remainder when p is divided by 4?
2
Let a(b) = -b**2 - 8*b + 6. Let o be a(-8). Let r be (6/(-1))/((-4)/6). Let v = r - o. Calculate the remainder when v is divided by 2.
1
Suppose 3*i = -0*i + 111. Suppose -s = p - 8, s - 5*s + 6 = 2*p. Calculate the remainder when i is divided by p.
11
Let p(w) = 5*w + 4. Suppose 5*n = 7*n - 14. What is the remainder when p(n) is divided by 8?
7
Suppose -32 = 3*p - 143. Calculate the remainder when p is divided by 13.
11
Let h = 11 - 3. Let z = h - 4. Suppose z + 3 = k. Calculate the remainder when k is divided by 4.
3
Suppose 0 = -3*n + 69 + 201. What is the remainder when n is divided by 23?
21
Let d(j) = j**3 + 3*j**2 - j - 2. Let i be d(-3). Let v(g) = 51*g - 1. Let w be v(i). Let c = -29 + w. Calculate the remainder when c is divided by 8.
5
Suppose 20 = -n + 3*n. What is the remainder when 17 is divided by n?
7
Let p = -52 - -10. Let t = -22 - p. Let n = 56 - -2. What is the remainder when n is divided by t?
18
Let o(b) = -b**2 - 5*b + 9. Let h be o(-7). What is the remainder when 24 is divided by h/(5/(-16)) - 3?
11
Let d = 1 - 0. Suppose -2*q - 3*q + 25 = 0. Suppose -11 = -q*w - d. What is the remainder when 2 is divided by w?
0
Suppose -117 = -3*f + 3*z, z + 231 - 24 = 5*f. Let x = f - 26. What is the remainder when x is divided by (9/2)/(35/20 - 1)?
4
Suppose 0*d - 32 = -n + 3*d, -d = 5*n - 144. What is the remainder when n is divided by (-2)/7 + 348/42?
5
Suppose -i = 2*i. Suppose i*k - 10 = -5*k. Suppose -k*h + 6 = h. What is the remainder when 4 is divided by h?
0
What is the remainder when 27 is divided by ((-10)/(-6))/((-8)/48)*-1?
7
Let d(u) = -u**3 + 8*u**2 - u - 21. Let f be (5/3 - 2)*-15. Suppose -31 - 9 = -f*m. Calculate the remainder when d(7) is divided by m.
5
Suppose -84 + 34 = -5*m. Let y = 4 + -6. Calculate the remainder when m is divided by (-9)/(-2) - y/(-4).
2
Suppose -9 = 5*a - 14. Suppose 4*m = 45 - a. What is the remainder when 43 is divided by m?
10
Let y(z) = 3*z**2 + 5*z + 5. Let s be y(-6). Suppose 0*g = -g + s. Calculate the remainder when g is divided by 21.
20
Suppose -u = 4*v - 4, u - 3*u = 4*v - 8. Suppose -h + v = -5*n + 12, 52 = 4*h + 5*n. What is the remainder when 14 is divided by h?
6
Let m(u) = 2*u**2 + u - 1. What is the remainder when m(-2) is divided by 2/11 - (-93)/33?
2
Let n = 36 + -3. What is the remainder when n is divided by 4/6 + 49/3?
16
Suppose 10*w - 5 = 5*w. What is the remainder when 1/(1 - (-1 + w)) is divided by 1?
0
Suppose 6*j - 68 = 28. Calculate the remainder when 31 is divided by j.
15
Suppose -h + 4 + 0 = 0. Let r be (-1)/(2*(-2)/160). Suppose -12 = -h*j + r. Calculate the remainder when j is divided by 5.
3
Let k(i) = i**3 + 8*i**2 - 5*i - 9. Calculate the remainder when 91 is divided by k(-8).
29
Suppose 129 = 2*f + 3. What is the remainder when f is divided by 16?
15
What is the remainder when 43 is divided by 3/(6/5 + -1)?
13
Suppose -3*i - 43 = 2*a - 223, -5*i = 2*a - 300. Let p = -731 - -752. What is the remainder when i is divided by p?
18
Let c(l) = l + 1. Let a = -7 - -3. Let b = 6 + a. Calculate the remainder when c(b) is divided by 2.
1
Suppose 6*s - 55 = 3*s + 5*f, -s = 5*f - 25. Let m = 47 + 30. What is the remainder when m is divided by s?
17
Suppose -3 = 2*x - 11. Let g = x - 5. Calculate the remainder when 29 is divided by -12*4*g/6.
5
Let p(l) = 3*l - 7. Let b be p(6). Suppose 0 = -2*h + 11 + b. Calculate the remainder when h is divided by (6/(-5))/(3/(-10)).
3
Suppose -3*y + 511 = -176. What is the remainder when y is divided by 29?
26
What is the remainder when (-24)/16*68/(-6) is divided by 9?
8
What is the remainder when 38 is divided by 21*(-1)/(-1)*1?
17
Suppose -t + 4 = -0*t. Calculate the remainder when 19 + 0*t/12 is divided by 11.
8
Let u = 0 + 1. Let v(k) = k - 21. Let f be v(18). What is the remainder when 21 is divided by (-2 - 39/f)/u?
10
Suppose -104 = -0*d - 2*d. Let f = d + -24. What is the remainder when f is divided by 10?
8
Suppose 2*u - 2 = u. Suppose 2*n = -u*n + 140. What is the remainder when n is divided by 18?
17
Let j = 1 + -4. Let t(v) = 0 + 5*v**2 + 1 - 2*v**2. What is the remainder when t(j) is divided by 10?
8
Suppose -z - 25 = 3*j + 21, -2*z + 2*j - 60 = 0. Suppose -165 = 5*o - 10*o. What is the remainder when o is divided by (3/(-6)*z)/1?
16
Suppose -f = -57 + 10. Let s = -99 - -123. What is the remainder when f is divided by s?
23
Let d(o) = -o**3 + o**2 + o + 27. Let z = -2 - -2. Let j be d(z). Suppose 3*u - 5*u + 22 = 4*q, 5*q = -3*u + j. Calculate the remainder when q is divided by 4.
2
Suppose 4*a + z = 72, 2*a - 4*z = -0*z + 36. Calculate the remainder when a is divided by 7.
4
Suppose -11*w = -7*w - 140. Suppose 4*z - 3*b - 58 = -8*b, -2*z - 2*b + 28 = 0. Calculate the remainder when w is divided by z.
11
Let g(r) = 3*r**2 - 6. Let z be g(-7). Suppose 2*t = -t + z. What is the remainder when t is divided by 16?
15
Suppose -2*w - 8 = -6*w. What is the remainder when w is divided by 1?
0
Suppose 4 + 16 = 4*s. Calculate the remainder when (0 + 2)*(-13)/(-2) is divided by s.
3
Let t(c) = c + 6. Let h be t(-6). Suppose h = -y - a - 5 - 21, -4*y = 3*a + 109. What is the remainder when (3 + -1)*y/(-2) is divided by 11?
9
Suppose 2*l = 8 - 2. Suppose 5*f + l*a + 95 = -2*a, -5*f + 4*a = 68. Let p = f - -38. Calculate the remainder when p is divided by 12.
10
Let v = 70 - -19. Let u = v + -57. Calculate the remainder when u is divided by 17.
15
Suppose -z + 5*z = -2*t + 26, 0 = 2*z. Calculate the remainder when 25 is divided by t.
12
Let t(v) = -v + 12. Suppose -2 = -2*h + 24. What is the remainder when h - (4 - 0) - -3 is divided by t(5)?
5
Let o = -108 + 159. Let s = 44 - 18. What is the remainder when o is divided by s?
25
Suppose q + 4*y = 30, -3*q + 15 = -4*q + 5*y. Let r = 8 + -4. Calculate the remainder when q is divided by r.
2
Let f(w) = -w**3 - 3*w**2 + w - 4. What is the remainder when 33 is divided by f(-4)?
1
Calculate the remainder when 60 is divided by 14/(6/(-45)*-5).
18
Let c(q) = -q**3 - 7*q**2 - 7*q - 2. Suppose 14 + 16 = 3*f. Calculate the remainder when f is divided by c(-6).
2
Suppose -1 + 2 = -y. Let c = 4 - y. Suppose -5*u = c, -2*k - 3*u + 32 - 13 = 0. What is the remainder when 20 is divided by k?
9
Let z(h) = -12*h + 2. Suppose -4*o = -2*o - 18. Calcul